+ 5*l**2 - 15*l**2 + f*l**2 + 12 + l. What is b(z)?
16
Let d(g) be the third derivative of g**4/12 + 11*g**3/3 - 43*g**2 + 1. Let t = -142 - -130. Give d(t).
-2
Let o(d) = -3*d - 5. Let w be (3 - -1)/(-1) - 15/(-3). Let i be w + 3 - (4 + 0). Calculate o(i).
-5
Let a(t) = t**3 + 8*t**2 + t - 6. Let r(k) = k + 1. Let q(v) = -a(v) - 6*r(v). Suppose -203 = -58*l - 609. Determine q(l).
0
Suppose 4 = -3*x - 2*y + 25, x - 5*y = -10. Let g(j) = 3*j**3 - 21*j**2 - 7*j + 7. Let w(c) = -c**3 + 7*c**2 + 2*c - 2. Let m(a) = -4*g(a) - 13*w(a). Give m(x).
-42
Let y(f) = 5*f**3 + 5*f + 12. Let v(r) = 4*r - r**3 + 5*r**3 + 475 - 460. Let d(q) = 4*v(q) - 3*y(q). Give d(0).
24
Let z(x) = -14*x - 73. Let j(q) = 36*q + 208. Let y(v) = -3*j(v) - 8*z(v). Give y(-9).
-76
Let i be (2/4)/((-1)/8). Let b(p) = -p. Let s(k) = k + 9. Let m(a) = a + 35. Let c(u) = m(u) - 4*s(u). Let v(x) = i*c(x) + 9*b(x). Determine v(5).
19
Let r(z) = -82*z - 87. Let c(x) = -73*x - 88. Let p(v) = -11*c(v) + 10*r(v). Calculate p(7).
-21
Let k(c) = -c**3 + 6*c**2 + 7*c - 33. Suppose 4*a - 4*b = -2*b + 20, 0 = 7*a + 3*b - 48. Determine k(a).
9
Let w be 1 + -5 - (-3 - 3). Let g(d) = -d**2 + 15*d - 8 + 4*d**w + 8 + 3 - 4*d**2. Calculate g(14).
17
Let x(f) = -2*f + 5. Let o = 81 + 93. Suppose 5*r + o = 509. Let u = r - 60. What is x(u)?
-9
Let r(n) = 4*n**3 + 0*n - 2*n**3 - 2*n. Suppose -4*z + 2*d = -1214, -97 = z + d - 393. Suppose -z = -8*u - 317. Determine r(u).
-12
Let i(m) = 2*m - m - 3*m + 1. Suppose 3*o = 2*o - 12, 0 = -5*z + 5*o + 10. Give i(z).
21
Let x(t) = -t - 10. Let o be x(0). Suppose -988 - 114 = -29*u. Let r(f) = -41 + 70 - f - u. Calculate r(o).
1
Let g(p) = -p - 2*p - 2*p + 38 - 19 + 3*p. What is g(12)?
-5
Let j(d) = -6*d**2 + 4*d - 1. Let m(t) = 5*t**2 - 5*t + 1. Let q(v) = -5*j(v) - 4*m(v). Let b be 4/(32/(-3126)) + 117/156. Let z = b - -391. Calculate q(z).
11
Let h(k) = k - 24 + 4 - 18 - 11 - 3. Calculate h(21).
-31
Let i(f) = -15. Let y(g) = 13*g - 74. Let j(k) = -4*i(k) + y(k). Give j(2).
12
Let h(c) be the second derivative of c**4/12 - c**3/6 + 73*c**2/2 - 7*c + 19. Determine h(0).
73
Let r(a) = -13*a + 1. Let q(d) = -12*d + 2. Let u(g) = -2*q(g) + 3*r(g). Let n(z) = 41*z + 2. Let v(b) = -4*n(b) - 11*u(b). Give v(9).
12
Let w be ((-9)/(-6))/((-2)/(-4)). Let u(h) = h**2 + 2*h - 18. Let x(c) = -c + 8. Let f(d) = -4*u(d) - 9*x(d). Determine f(w).
-33
Let g(h) be the second derivative of h**7/2520 + h**6/720 - h**5/24 + 2*h**4/3 - 7*h**2/2 + 13*h + 2. Let l(r) be the third derivative of g(r). Determine l(0).
-5
Let s = -23 + 16. Let c be 1 + (2 - s/1). Let m(h) be the second derivative of h**4/12 - 3*h**3/2 - 13*h**2/2 + 4208*h. Determine m(c).
-3
Let x be -1*(471 - 0/(-2)). Let t = -478 - x. Let j(s) = 2*s - 1. Give j(t).
-15
Let g(u) be the first derivative of u**3/3 - u**2 - 5. Let a = -20 - -22. Let i be 5 + (a/(-1) - -3) - 4. Calculate g(i).
0
Let t = 921 - 924. Let w(m) = 9*m + 4 - 3*m - 2*m**2 - 2*m - m**3. Give w(t).
1
Let u(c) = c**2 + 13*c + 30. Let f be u(-4). Let h be (3/54*-3)/(1/f). Let x(o) be the third derivative of -13*o**5/60 + o**4/24 - o**3/6 + o**2. What is x(h)?
-13
Let z = 8 + -17. Let u(v) = v**2 + 31*v + 1. Let t(r) = r**2 + 50*r - 24. Let k(p) = -t(p) + 2*u(p). Determine k(z).
-1
Suppose 3*l + 5*i + 3 = -8, -4*i - 19 = -l. Let g(u) = 4*u - 7. Let x(q) = -q + 2. Let c(w) = -6*g(w) - 21*x(w). Determine c(l).
-9
Let m be (-4)/(-9) - 732/(-54). Suppose f + 5 = 23. Suppose -f*y = -m*y. Let u(k) = k + 2. Calculate u(y).
2
Suppose -87 = -15*p + 183. Suppose p*w + 16 = -74. Let m(k) = 7*k + 7. Give m(w).
-28
Let i(r) = -r**2 - r. Let s = -5667 - -5664. Calculate i(s).
-6
Let v(r) = 46 - 70 + 11*r + 8230*r**2 - 3*r**3 - 8224*r**2. Determine v(4).
-76
Let l(m) = 13*m - 1574078 - m**2 + 1573971 + 13*m. Determine l(6).
13
Let l(b) be the second derivative of -5*b**3/6 - 13*b**2 + 2*b. Suppose -k = 4*a + 37, 453*k = 5*a + 458*k + 95. Give l(a).
4
Let u(v) be the second derivative of 55*v**3/6 + 4*v**2 - 1610*v. Give u(0).
8
Let a = 13 + -24. Let b(v) = -8*v**2 - 2*v - 1. Let z(g) = 41*g**2 + 11*g + 6. Let d(p) = a*b(p) - 2*z(p). Let h be 2 + ((-4)/(-2) - 3). Determine d(h).
5
Let x(d) = -25*d**3 + d**2 + d - 1. Let a(n) = 10*n - 5. Let i be a(1). Suppose 2*g = o - 151, i*o + 259 = -0*g - 3*g. Let c = g - -79. Calculate x(c).
-24
Let v be (0 - -2)/(2/(-6)). Let w be 3/1*v/(-9). Let d(y) = -3*y - 2. What is d(w)?
-8
Let l(y) = 5*y**3 - 19*y**2 + 3*y - 24. Suppose -2*s - 24 = -4*q, -10*q + 8*q = 4*s - 32. Give l(s).
4
Let l(o) = -6*o**2 - 9*o - 14. Let d(r) = -11*r**2 - 17*r - 26. Let k(v) = -5*d(v) + 9*l(v). Give k(3).
25
Let t(u) = 28 + 2*u - 4 - 20 - 3*u. Determine t(10).
-6
Let f(j) = 6*j + 34. Let i be f(-6). Let d(p) = 5*p. Let a(w) = -52*w + 1. Let t(v) = i*a(v) - 22*d(v). Calculate t(-2).
10
Let z(q) = -q**3 - q**2 - 1. Let s(w) be the first derivative of -w**4/4 - 4*w**3/3 - 4*w**2 - 13*w - 35. Let n be s(-3). Determine z(n).
-13
Let r(g) be the first derivative of g**3/3 + g**2 - 110*g + 1. Let u(q) be the first derivative of r(q). Calculate u(-3).
-4
Let m(c) = 42*c**3 - c**2 - 1. Suppose 74*n + 20 = -54. Calculate m(n).
-44
Let u(y) be the first derivative of -y**4/4 - y**3/3 + y**2/2 - y - 6. Let i(j) = 217*j + 653. Let p be i(-3). What is u(p)?
-11
Let j(b) = -13 + 0*b**2 + 9 + 2*b**2 - 3*b**2 - 4*b + 4*b**2. Let s be ((-3)/(-3))/(3/(54/6)). Calculate j(s).
11
Suppose -18 = -2*h - 5*z, 0 = -4*h - 3*z - 14 - 6. Let d(f) = -f**3 - 14*f**2 - 32*f - 3. What is d(h)?
-14
Let b(c) be the third derivative of c**4/8 + c**3/3 + 9*c**2. Let u = 12 + -58. Let i = u + 44. What is b(i)?
-4
Let h(g) be the second derivative of 0*g**4 - 11/20*g**5 + g + 1/6*g**3 - 22 - 1/2*g**2. Give h(1).
-11
Let i(t) be the third derivative of -t**7/2520 - t**5/120 - 7*t**4/6 - t**3/3 + 175*t**2. Let h(c) be the second derivative of i(c). What is h(2)?
-5
Let q(l) = -20*l**2 + 3*l - 5. Let s be 1/((144/8)/(-6) - -2) + 2. Give q(s).
-22
Let u(h) be the third derivative of h**5/20 + h**4/8 + 40*h**3/3 - 26*h**2 + 3. Let p(z) be the first derivative of u(z). Calculate p(-2).
-9
Let o(r) = 221*r**3 - r**2. Suppose -5*w - 4*w = -31*w + 22. Give o(w).
220
Let h(u) = -11*u + 67. Let m be h(6). Let z(l) = 20*l - 1. Let s(r) = 3*r. Let v(o) = m*z(o) - 6*s(o). Give v(-6).
-13
Let q(k) = -k**3 + 4*k**2 + 6*k + 8. Let b be 84/(-6) + 12 - -8. Calculate q(b).
-28
Let c be (-16)/34*769 - (-46)/(-391). Let p = c + 363. Let f(k) = 30*k. Calculate f(p).
30
Let y(p) = 2*p**2 - 2*p + 5. Suppose 2*j + 16 = 4*s, -4*s - 5*j = -2*s + 4. Suppose -i - s*i = 2*i. Determine y(i).
5
Let f(i) = i**3 - i + 1 + 4*i + 2*i + 7*i**2. Let p be -8 + ((-3)/(-14))/((-744)/(-6944)). Give f(p).
7
Let k be ((-16)/(-80))/(2*(-5)/(-50)). Let y(l) be the third derivative of -3*l**5/20 - l**4/24 - l**2. Determine y(k).
-10
Let s(n) = -n - 2. Let a be (-35)/(-15)*30*1. Suppose -6*p + a = -56. Suppose -17 = -z - p. Give s(z).
2
Let n(g) = 20*g + 1. Let u(x) = 27*x. Let v(p) = 4*n(p) - 3*u(p). Let d = 24 + -24. Calculate v(d).
4
Let k(v) = 16*v + 331. Let z(b) = 18*b + 337. Let r(i) = -4*k(i) + 3*z(i). Give r(-32).
7
Suppose -13*o + 13*o + 18 = 6*o. Let r(f) be the second derivative of 0 + 0*f**2 - 17*f + 11/12*f**4 + 0*f**o. What is r(-1)?
11
Let r(n) = n**2 - n - 2. Let b(u) = 13*u**2 - 34*u - 7. Let i(t) = b(t) - 6*r(t). Let f(o) = 3*o**2 - 13*o + 2. Let s(a) = -5*f(a) + 2*i(a). What is s(6)?
18
Let u = 9 - 2. Let p(h) = -178 + 92 - h + 87 + 2*h + 2*h. Give p(u).
22
Let b(o) = -5*o - o**2 + 2*o**2 - 1 + 3. Let f be ((-23)/(-69))/(120/48*(-2)/(-90)). Determine b(f).
8
Let l(s) = -s**3 - 43*s**2 - 40*s + 94. Suppose -19*h = -5*d - 21*h - 202, 0 = -2*d - 4*h - 68. What is l(d)?
10
Let q(f) = f**2 + f - 1. Let b be q(2). Suppose 13*r + b = -8. Let z(t) = 18*t**3 + t**2 - t - 1. Calculate z(r).
-17
Let j = -101 + 109. Let v be 50/(-14) - -1 - j/(-14). Let b(y) = -y - 1. Give b(v).
1
Let p = -20 + 21. Let y(r) = -17*r + 19. Let x(v) = -33*v + 44. Let n(g) = 3*x(g) - 7*y(g). Calculate n(p).
19
Let j(g) = 2187*g**2 + 2184*g**2 - 6552*g**2 + 2178*g**2 - 3*g. Determine j(-1).
0
Let h be (-5 + 4)/(1/(-5)). Let z(j) = j**2 + 5*j - 16. Calculate z(h).
34
Let l be -16*36/(-40) + (-4)/10. Let g be 7/(-14)*(l + 0)*-1. Suppose g*t + 7 =